
Calculate the remainder when 1203655 is divided by 8.
7
What is the remainder when 138549 is divided by 502?
499
Calculate the remainder when 1178285 is divided by 13862.
15
What is the remainder when 3964 is divided by 325?
64
Calculate the remainder when 7634 is divided by 686.
88
Calculate the remainder when 130293 is divided by 26053.
28
What is the remainder when 1619 is divided by 171?
80
What is the remainder when 2601 is divided by 647?
13
Calculate the remainder when 162245 is divided by 32448.
5
Calculate the remainder when 9644 is divided by 21.
5
What is the remainder when 2930 is divided by 198?
158
Calculate the remainder when 19472 is divided by 25.
22
What is the remainder when 18490 is divided by 4620?
10
Calculate the remainder when 73075 is divided by 3479.
16
What is the remainder when 225288 is divided by 287?
280
What is the remainder when 20816 is divided by 10398?
20
What is the remainder when 1692 is divided by 220?
152
What is the remainder when 3692 is divided by 37?
29
What is the remainder when 13156 is divided by 122?
102
What is the remainder when 921 is divided by 113?
17
What is the remainder when 330823 is divided by 283?
279
What is the remainder when 533512 is divided by 1721?
2
Calculate the remainder when 1762 is divided by 855.
52
What is the remainder when 1496 is divided by 462?
110
Calculate the remainder when 1266 is divided by 608.
50
Calculate the remainder when 2433 is divided by 573.
141
Calculate the remainder when 33393 is divided by 59.
58
What is the remainder when 14053 is divided by 44?
17
What is the remainder when 2072 is divided by 480?
152
Calculate the remainder when 4988 is divided by 266.
200
What is the remainder when 29134 is divided by 299?
131
What is the remainder when 3677 is divided by 65?
37
Calculate the remainder when 8675 is divided by 1722.
65
What is the remainder when 2350 is divided by 389?
16
Calculate the remainder when 224022 is divided by 74671.
9
What is the remainder when 26186 is divided by 25?
11
Calculate the remainder when 26411 is divided by 19.
1
What is the remainder when 1464 is divided by 404?
252
What is the remainder when 4133577 is divided by 165?
162
Calculate the remainder when 13793 is divided by 13788.
5
Calculate the remainder when 4301288 is divided by 1429.
1427
What is the remainder when 13126242 is divided by 1501?
1498
What is the remainder when 77105 is divided by 213?
212
What is the remainder when 5583 is divided by 117?
84
Calculate the remainder when 23057 is divided by 642.
587
Calculate the remainder when 420081 is divided by 356.
1
Calculate the remainder when 4041 is divided by 266.
51
Calculate the remainder when 28182 is divided by 1699.
998
Calculate the remainder when 2809 is divided by 2774.
35
Calculate the remainder when 213 is divided by 53.
1
Calculate the remainder when 1906304 is divided by 57.
53
What is the remainder when 7928 is divided by 3962?
4
Calculate the remainder when 2256 is divided by 65.
46
Calculate the remainder when 4416 is divided by 234.
204
Calculate the remainder when 12761 is divided by 100.
61
What is the remainder when 1473 is divided by 208?
17
What is the remainder when 3443 is divided by 53?
51
Calculate the remainder when 752 is divided by 152.
144
Calculate the remainder when 5955133 is divided by 705.
703
What is the remainder when 32380 is divided by 415?
10
Calculate the remainder when 166149 is divided by 2596.
5
Calculate the remainder when 1538 is divided by 922.
616
What is the remainder when 115079 is divided by 15?
14
What is the remainder when 25137 is divided by 32?
17
What is the remainder when 1814 is divided by 4?
2
Calculate the remainder when 2412 is divided by 384.
108
What is the remainder when 4550 is divided by 644?
42
What is the remainder when 5987 is divided by 996?
11
Calculate the remainder when 44383 is divided by 2219.
3
What is the remainder when 87854 is divided by 17?
15
Calculate the remainder when 82319 is divided by 505.
4
Calculate the remainder when 857438 is divided by 542.
536
Calculate the remainder when 193341 is divided by 799.
782
Calculate the remainder when 7728 is divided by 130.
58
What is the remainder when 15776 is divided by 1314?
8
Calculate the remainder when 1015 is divided by 765.
250
Calculate the remainder when 21336 is divided by 32.
24
What is the remainder when 27054 is divided by 263?
228
Calculate the remainder when 366045 is divided by 1488.
1485
Calculate the remainder when 17029 is divided by 503.
430
What is the remainder when 3777958 is divided by 380?
378
Calculate the remainder when 31610 is divided by 251.
235
Calculate the remainder when 6344 is divided by 1580.
24
Calculate the remainder when 8463 is divided by 294.
231
What is the remainder when 334435 is divided by 230?
15
What is the remainder when 459 is divided by 287?
172
What is the remainder when 52211 is divided by 669?
29
What is the remainder when 4657396 is divided by 110?
106
What is the remainder when 32770 is divided by 6553?
5
Calculate the remainder when 71728 is divided by 7.
6
Calculate the remainder when 12380 is divided by 2326.
750
What is the remainder when 13547 is divided by 362?
153
Calculate the remainder when 38388 is divided by 54.
48
What is the remainder when 2876 is divided by 137?
136
Calculate the remainder when 3780 is divided by 290.
10
What is the remainder when 31180 is divided by 31168?
12
Calculate the remainder when 8512 is divided by 2821.
49
Calculate the remainder when 7134 is divided by 106.
32
What is the remainder when 5782 is divided by 47?
1
What is the remainder when 1486 is divided by 108?
82
Calculate the remainder when 2948 is divided by 962.
62
Calculate the remainder when 18521 is divided by 7.
6
Calculate the remainder when 71125 is divided by 197.
8
Calculate the remainder when 587248 is divided by 13.
12
What is the remainder when 549 is divided by 28?
17
Calculate the remainder when 235355 is divided by 40.
35
What is the remainder when 331702 is divided by 937?
4
What is the remainder when 36432 is divided by 233?
84
What is the remainder when 18462 is divided by 710?
2
What is the remainder when 1523 is divided by 249?
29
Calculate the remainder when 298 is divided by 50.
48
Calculate the remainder when 72331 is divided by 27.
25
What is the remainder when 487068 is divided by 248?
244
What is the remainder when 154373 is divided by 6?
5
What is the remainder when 24887 is divided by 6220?
7
What is the remainder when 189829 is divided by 2751?
10
What is the remainder when 203610 is divided by 467?
465
What is the remainder when 248288 is divided by 147?
5
Calculate the remainder when 31866 is divided by 545.
256
Calculate the remainder when 10107 is divided by 228.
75
Calculate the remainder when 184469 is divided by 36891.
14
What is the remainder when 24428 is divided by 24?
20
What is the remainder when 343809 is divided by 14?
11
What is the remainder when 48704 is divided by 38?
26
Calculate the remainder when 142521 is divided by 148.
145
What is the remainder when 992592 is divided by 56?
48
Calculate the remainder when 308039 is divided by 680.
679
Calculate the remainder when 487323 is divided by 92.
91
What is the remainder when 339 is divided by 195?
144
What is the remainder when 144234 is divided by 214?
212
Calculate the remainder when 5750 is divided by 1914.
8
Calculate the remainder when 2163 is divided by 674.
141
Calculate the remainder when 337 is divided by 310.
27
What is the remainder when 573948 is divided by 79?
13
What is the remainder when 11762 is divided by 124?
106
What is the remainder when 27865 is divided by 1003?
784
What is the remainder when 2954 is divided by 951?
101
Calculate the remainder when 11807 is divided by 10.
7
What is the remainder when 1121 is divided by 944?
177
Calculate the remainder when 4937 is divided by 155.
132
What is the remainder when 57283 is divided by 67?
65
Calculate the remainder when 8576 is divided by 536.
0
Calculate the remainder when 15723 is divided by 297.
279
Calculate the remainder when 3163 is divided by 959.
286
Calculate the remainder when 48141 is divided by 3434.
65
Calculate the remainder when 1814 is divided by 11.
10
Calculate 